{"id":422,"date":"2011-12-16T13:23:31","date_gmt":"2011-12-16T13:23:31","guid":{"rendered":"http:\/\/modele-regionales.apbg.org\/?page_id=8"},"modified":"2026-03-18T14:35:06","modified_gmt":"2026-03-18T13:35:06","slug":"accueil","status":"publish","type":"page","link":"https:\/\/limoges.apbg.fr\/","title":{"rendered":""},"content":{"rendered":"\n<p class=\"has-text-align-center\">Le site de la r\u00e9gionale de Limoges vous souhaite la bienvenue.<\/p>\n\n\n\n<figure class=\"wp-block-image aligncenter size-medium is-resized is-style-default\"><img loading=\"lazy\" decoding=\"async\" width=\"300\" height=\"212\" src=\"https:\/\/limoges.apbg.fr\/wp-content\/uploads\/2026\/02\/cropped-Logo_APBG_Lges_Moyen-300x212.gif\" alt=\"\" class=\"wp-image-1681\" srcset=\"https:\/\/limoges.apbg.fr\/wp-content\/uploads\/2026\/02\/cropped-Logo_APBG_Lges_Moyen-300x212.gif 300w, https:\/\/limoges.apbg.fr\/wp-content\/uploads\/2026\/02\/cropped-Logo_APBG_Lges_Moyen-768x543.gif 768w\" sizes=\"auto, (max-width: 300px) 100vw, 300px\" \/><\/figure>\n\n\n\n<hr class=\"wp-block-separator has-text-color has-cyan-bluish-gray-color has-css-opacity has-cyan-bluish-gray-background-color has-background aligncenter is-style-wide\"\/>\n\n\n\n<h2 class=\"wp-block-heading has-text-align-left has-text-color has-medium-font-size\" style=\"color:#959595\"><strong><mark style=\"background-color:#FAFEF6\" class=\"has-inline-color has-cm-color-7-color\">Les derniers articles<\/mark><\/strong><\/h2>\n\n\n<ul class=\"wp-block-latest-posts__list is-grid columns-3 has-dates wp-block-latest-posts\"><li><a class=\"wp-block-latest-posts__post-title\" href=\"https:\/\/limoges.apbg.fr\/?p=1947\">ECE 2026 (liste des sujets)<\/a><time datetime=\"2026-03-25T12:14:49+01:00\" class=\"wp-block-latest-posts__post-date\">25 mars 2026<\/time><div class=\"wp-block-latest-posts__post-excerpt\">Vous trouverez les sujets pour la session 2026 sur le site du minist\u00e8re : Banque<\/div><\/li>\n<li><a class=\"wp-block-latest-posts__post-title\" href=\"https:\/\/limoges.apbg.fr\/?p=1945\">Ressources institutionnelles EVARS<\/a><time datetime=\"2026-03-25T12:04:55+01:00\" class=\"wp-block-latest-posts__post-date\">25 mars 2026<\/time><div class=\"wp-block-latest-posts__post-excerpt\">Retrouvez les programmes et les documents d&rsquo;accompagnement sur le site du minist\u00e8re. A l&rsquo;heure actuelle,<\/div><\/li>\n<li><div class=\"wp-block-latest-posts__featured-image alignleft\"><a href=\"https:\/\/limoges.apbg.fr\/?p=1912\" aria-label=\"\u00ab\u00a0Il y a-t-il de la place pour l\u2019inutile dans le vivant ?\u00a0\u00bb par Guillaume LECOINTRE\"><img loading=\"lazy\" decoding=\"async\" width=\"150\" height=\"150\" src=\"https:\/\/limoges.apbg.fr\/wp-content\/uploads\/2026\/03\/conf_24_03_206_LECOINTRE-1-150x150.png\" class=\"attachment-thumbnail size-thumbnail wp-post-image\" alt=\"\" style=\"max-width:75px;max-height:75px;\" \/><\/a><\/div><a class=\"wp-block-latest-posts__post-title\" href=\"https:\/\/limoges.apbg.fr\/?p=1912\">\u00ab\u00a0Il y a-t-il de la place pour l\u2019inutile dans le vivant ?\u00a0\u00bb par Guillaume LECOINTRE<\/a><time datetime=\"2026-03-18T14:06:54+01:00\" class=\"wp-block-latest-posts__post-date\">18 mars 2026<\/time><div class=\"wp-block-latest-posts__post-excerpt\">Mardi 24 mars 2026, 20h Amphith\u00e9\u00e2tre du lyc\u00e9e Limosin, 87000 LIMOGES INSCRIPTION OBLIGATOIRE via ce<\/div><\/li>\n<li><div class=\"wp-block-latest-posts__featured-image alignleft\"><a href=\"https:\/\/limoges.apbg.fr\/?p=1916\" aria-label=\"Migration des Sites APBG\"><img loading=\"lazy\" decoding=\"async\" width=\"150\" height=\"150\" src=\"https:\/\/limoges.apbg.fr\/wp-content\/uploads\/2026\/02\/cropped-Logo_APBG_Lges_Moyen-150x150.gif\" class=\"attachment-thumbnail size-thumbnail wp-post-image\" alt=\"\" style=\"max-width:75px;max-height:75px;\" \/><\/a><\/div><a class=\"wp-block-latest-posts__post-title\" href=\"https:\/\/limoges.apbg.fr\/?p=1916\">Migration des Sites APBG<\/a><time datetime=\"2026-03-18T13:00:00+01:00\" class=\"wp-block-latest-posts__post-date\">18 mars 2026<\/time><div class=\"wp-block-latest-posts__post-excerpt\">Nous vous pr\u00e9sentons nos excuses pour les d\u00e9sagr\u00e9ments mais les sites de l&rsquo;association des professeurs<\/div><\/li>\n<li><div class=\"wp-block-latest-posts__featured-image alignleft\"><a href=\"https:\/\/limoges.apbg.fr\/?p=1680\" aria-label=\"\u00ab Les arbres face au changement climatique\u00a0\u00bb, de Catherine LENNE\"><img loading=\"lazy\" decoding=\"async\" width=\"150\" height=\"150\" src=\"https:\/\/limoges.apbg.fr\/wp-content\/uploads\/2025\/11\/Capture-decran-2026-03-25-a-12.19.33-150x150.png\" class=\"attachment-thumbnail size-thumbnail wp-post-image\" alt=\"\" style=\"max-width:75px;max-height:75px;\" \/><\/a><\/div><a class=\"wp-block-latest-posts__post-title\" href=\"https:\/\/limoges.apbg.fr\/?p=1680\">\u00ab Les arbres face au changement climatique\u00a0\u00bb, de Catherine LENNE<\/a><time datetime=\"2025-11-11T12:43:01+01:00\" class=\"wp-block-latest-posts__post-date\">11 novembre 2025<\/time><div class=\"wp-block-latest-posts__post-excerpt\">Cette conf\u00e9rence se d\u00e9roulera le vendredi 5 d\u00e9cembre 2025, \u00e0 l\u2019espace Simone VEIL de Limoges,<\/div><\/li>\n<li><div class=\"wp-block-latest-posts__featured-image alignleft\"><a href=\"https:\/\/limoges.apbg.fr\/?p=1678\" aria-label=\"Les journ\u00e9es nationales de l&rsquo;APBG &#8211; 2025\"><img loading=\"lazy\" decoding=\"async\" width=\"150\" height=\"150\" src=\"https:\/\/limoges.apbg.fr\/wp-content\/uploads\/2025\/11\/Capture-decran-2026-03-18-a-14.47.58-150x150.png\" class=\"attachment-thumbnail size-thumbnail wp-post-image\" alt=\"\" style=\"max-width:75px;max-height:75px;\" \/><\/a><\/div><a class=\"wp-block-latest-posts__post-title\" href=\"https:\/\/limoges.apbg.fr\/?p=1678\">Les journ\u00e9es nationales de l&rsquo;APBG &#8211; 2025<\/a><time datetime=\"2025-11-11T12:23:22+01:00\" class=\"wp-block-latest-posts__post-date\">11 novembre 2025<\/time><div class=\"wp-block-latest-posts__post-excerpt\">Elles se d\u00e9rouleront \u00e0 Paris du 21 au 23 novembre 2025.Le th\u00e8me cette ann\u00e9e est<\/div><\/li>\n<li><div class=\"wp-block-latest-posts__featured-image alignleft\"><a href=\"https:\/\/limoges.apbg.fr\/?p=1671\" aria-label=\"conf\u00e9rence  \u00ab\u00a0la Terre au quotidien, ou comment roches et min\u00e9raux accompagnent chacune de nos journ\u00e9es \u00ab\u00a0, retours\"><img loading=\"lazy\" decoding=\"async\" width=\"150\" height=\"150\" src=\"https:\/\/limoges.apbg.fr\/wp-content\/uploads\/2025\/10\/Capture-decran-2026-03-18-a-14.53.23-150x150.png\" class=\"attachment-thumbnail size-thumbnail wp-post-image\" alt=\"\" style=\"max-width:75px;max-height:75px;\" srcset=\"https:\/\/limoges.apbg.fr\/wp-content\/uploads\/2025\/10\/Capture-decran-2026-03-18-a-14.53.23-150x150.png 150w, https:\/\/limoges.apbg.fr\/wp-content\/uploads\/2025\/10\/Capture-decran-2026-03-18-a-14.53.23-300x297.png 300w\" sizes=\"auto, (max-width: 150px) 100vw, 150px\" \/><\/a><\/div><a class=\"wp-block-latest-posts__post-title\" href=\"https:\/\/limoges.apbg.fr\/?p=1671\">conf\u00e9rence  \u00ab\u00a0la Terre au quotidien, ou comment roches et min\u00e9raux accompagnent chacune de nos journ\u00e9es \u00ab\u00a0, retours<\/a><time datetime=\"2025-10-12T22:24:54+02:00\" class=\"wp-block-latest-posts__post-date\">12 octobre 2025<\/time><div class=\"wp-block-latest-posts__post-excerpt\">Vendredi, le 10 octobre, la cit\u00e9 scolaire L\u00e9onard Limosin de LIMOGES a accueilli la premi\u00e8re<\/div><\/li>\n<li><div class=\"wp-block-latest-posts__featured-image alignleft\"><a href=\"https:\/\/limoges.apbg.fr\/?p=1668\" aria-label=\"Bilan de la f\u00eate de la science 2025\"><img loading=\"lazy\" decoding=\"async\" width=\"150\" height=\"150\" src=\"https:\/\/limoges.apbg.fr\/wp-content\/uploads\/2025\/10\/Capture-decran-2026-03-18-a-14.54.16-150x150.png\" class=\"attachment-thumbnail size-thumbnail wp-post-image\" alt=\"\" style=\"max-width:75px;max-height:75px;\" \/><\/a><\/div><a class=\"wp-block-latest-posts__post-title\" href=\"https:\/\/limoges.apbg.fr\/?p=1668\">Bilan de la f\u00eate de la science 2025<\/a><time datetime=\"2025-10-12T22:11:32+02:00\" class=\"wp-block-latest-posts__post-date\">12 octobre 2025<\/time><div class=\"wp-block-latest-posts__post-excerpt\">Une semaine dense pour la r\u00e9gionale APBG de Limoges ! Quel plaisir de faire d\u00e9couvrir<\/div><\/li>\n<li><div class=\"wp-block-latest-posts__featured-image alignleft\"><a href=\"https:\/\/limoges.apbg.fr\/?p=1656\" aria-label=\"F\u00eate de la Science 2025- Caf\u00e9-Sciences &#8211; Les roches et min\u00e9raux omnipr\u00e9sents&#8230;\"><img loading=\"lazy\" decoding=\"async\" width=\"150\" height=\"150\" src=\"https:\/\/limoges.apbg.fr\/wp-content\/uploads\/2025\/11\/Capture-decran-2026-03-18-a-14.47.58-150x150.png\" class=\"attachment-thumbnail size-thumbnail wp-post-image\" alt=\"\" style=\"max-width:75px;max-height:75px;\" \/><\/a><\/div><a class=\"wp-block-latest-posts__post-title\" href=\"https:\/\/limoges.apbg.fr\/?p=1656\">F\u00eate de la Science 2025- Caf\u00e9-Sciences &#8211; Les roches et min\u00e9raux omnipr\u00e9sents&#8230;<\/a><time datetime=\"2025-09-25T20:45:46+02:00\" class=\"wp-block-latest-posts__post-date\">25 septembre 2025<\/time><div class=\"wp-block-latest-posts__post-excerpt\">Les roches et les min\u00e9raux sont omnipr\u00e9sents dans nos environnements En France, l\u2019activit\u00e9 extractive du<\/div><\/li>\n<li><div class=\"wp-block-latest-posts__featured-image alignleft\"><a href=\"https:\/\/limoges.apbg.fr\/?p=1651\" aria-label=\"F\u00eate de la Science 2025 &#8211; Conf\u00e9rence :  LA \u00ab\u00a0TERRE\u00a0\u00bb DANS NOTRE QUOTIDIEN\"><img loading=\"lazy\" decoding=\"async\" width=\"150\" height=\"150\" src=\"https:\/\/limoges.apbg.fr\/wp-content\/uploads\/2025\/09\/Capture-decran-2026-03-18-a-14.58.14-150x150.png\" class=\"attachment-thumbnail size-thumbnail wp-post-image\" alt=\"\" style=\"max-width:75px;max-height:75px;\" \/><\/a><\/div><a class=\"wp-block-latest-posts__post-title\" href=\"https:\/\/limoges.apbg.fr\/?p=1651\">F\u00eate de la Science 2025 &#8211; Conf\u00e9rence :  LA \u00ab\u00a0TERRE\u00a0\u00bb DANS NOTRE QUOTIDIEN<\/a><time datetime=\"2025-09-25T20:41:05+02:00\" class=\"wp-block-latest-posts__post-date\">25 septembre 2025<\/time><div class=\"wp-block-latest-posts__post-excerpt\">Force est de constater que \u00ab&nbsp;nous ne savons rien produire qui ne sorte de la<\/div><\/li>\n<li><div class=\"wp-block-latest-posts__featured-image alignleft\"><a href=\"https:\/\/limoges.apbg.fr\/?p=1647\" aria-label=\"F\u00eate de la Science 2025 &#8211; ATELIER &#8211; Min\u00e9raux du quotidiens&#8230;\"><img loading=\"lazy\" decoding=\"async\" width=\"150\" height=\"150\" src=\"https:\/\/limoges.apbg.fr\/wp-content\/uploads\/2025\/09\/Capture-decran-2026-03-18-a-14.57.38-150x150.png\" class=\"attachment-thumbnail size-thumbnail wp-post-image\" alt=\"\" style=\"max-width:75px;max-height:75px;\" \/><\/a><\/div><a class=\"wp-block-latest-posts__post-title\" href=\"https:\/\/limoges.apbg.fr\/?p=1647\">F\u00eate de la Science 2025 &#8211; ATELIER &#8211; Min\u00e9raux du quotidiens&#8230;<\/a><time datetime=\"2025-09-25T20:33:33+02:00\" class=\"wp-block-latest-posts__post-date\">25 septembre 2025<\/time><div class=\"wp-block-latest-posts__post-excerpt\">La majorit\u00e9 des objets qui nous environnent sont fabriqu\u00e9s \u00e0 partir de min\u00e9raux. T\u00e9l\u00e9phones, v\u00eatements,<\/div><\/li>\n<li><div class=\"wp-block-latest-posts__featured-image alignleft\"><a href=\"https:\/\/limoges.apbg.fr\/?p=1643\" aria-label=\"Exposition \u00ab\u00a0Les voyages du Kaolin\u00a0\u00bb\"><img loading=\"lazy\" decoding=\"async\" width=\"150\" height=\"150\" src=\"https:\/\/limoges.apbg.fr\/wp-content\/uploads\/2025\/07\/Capture-decran-2026-03-18-a-14.56.54-150x150.png\" class=\"attachment-thumbnail size-thumbnail wp-post-image\" alt=\"\" style=\"max-width:75px;max-height:75px;\" \/><\/a><\/div><a class=\"wp-block-latest-posts__post-title\" href=\"https:\/\/limoges.apbg.fr\/?p=1643\">Exposition \u00ab\u00a0Les voyages du Kaolin\u00a0\u00bb<\/a><time datetime=\"2025-07-11T11:08:25+02:00\" class=\"wp-block-latest-posts__post-date\">11 juillet 2025<\/time><div class=\"wp-block-latest-posts__post-excerpt\">Cette exposition produite en collaboration avec la Soci\u00e9t\u00e9 de G\u00e9ologie du Limousin (FBook) pour la<\/div><\/li>\n<\/ul>\n\n\n<hr class=\"wp-block-separator has-text-color has-cyan-bluish-gray-color has-css-opacity has-cyan-bluish-gray-background-color has-background aligncenter is-style-wide\"\/>\n\n\n\n<h2 class=\"wp-block-heading has-text-color has-medium-font-size\" style=\"color:#959595\"><mark style=\"background-color:#FAFEF6\" class=\"has-inline-color has-cm-color-7-color\">Quelques Fils RSS<\/mark><\/h2>\n\n\n\n<div class=\"wp-block-group is-layout-flow wp-block-group-is-layout-flow\">\n<h3 class=\"wp-block-heading has-text-align-center\">Site Planet Terre<\/h3>\n<\/div>\n\n\n\n<div class=\"wp-block-group is-layout-constrained wp-block-group-is-layout-constrained\"><ul class=\"is-grid columns-3 has-dates has-authors wp-block-rss\"><li class='wp-block-rss__item'><div class='wp-block-rss__item-title'><a href='https:\/\/planet-terre.ens-lyon.fr\/ressource\/Img882-2026-03-30.xml'>L&#039;\u00e9ruption de f\u00e9vrier-mars 2026 du Piton de la Fournaise (Ile de La R\u00e9union)\u00a0: quand la lave atteint l&#039;oc\u00e9an apr\u00e8s avoir travers\u00e9 la for\u00eat<\/a><\/div><time datetime=\"2026-03-30T02:00:00+02:00\" class=\"wp-block-rss__item-publish-date\">30 mars 2026<\/time> <span class=\"wp-block-rss__item-author\">par Pierre Thomas<\/span><\/li><li class='wp-block-rss__item'><div class='wp-block-rss__item-title'><a href='https:\/\/planet-terre.ens-lyon.fr\/ressource\/couleur-geologie-PThomas-2025.xml'>La couleur en g\u00e9ologie<\/a><\/div><time datetime=\"2026-03-27T02:00:00+01:00\" class=\"wp-block-rss__item-publish-date\">27 mars 2026<\/time> <span class=\"wp-block-rss__item-author\">par Pierre Thomas<\/span><\/li><li class='wp-block-rss__item'><div class='wp-block-rss__item-title'><a href='https:\/\/planet-terre.ens-lyon.fr\/ressource\/Img881-2026-03-23.xml'>Le Lac Bleu de Champclause (Haute Loire) : les effets de la diffusion de la lumi\u00e8re par microparticules et\/ou collo\u00efdes<\/a><\/div><time datetime=\"2026-03-23T02:00:00+01:00\" class=\"wp-block-rss__item-publish-date\">23 mars 2026<\/time> <span class=\"wp-block-rss__item-author\">par Pierre Thomas<\/span><\/li><li class='wp-block-rss__item'><div class='wp-block-rss__item-title'><a href='https:\/\/planet-terre.ens-lyon.fr\/ressource\/moyenne-ecart-type.xml'>Moyenne et \u00e9cart type, calcul, signification et usage<\/a><\/div><time datetime=\"2026-03-18T02:00:00+01:00\" class=\"wp-block-rss__item-publish-date\">18 mars 2026<\/time> <span class=\"wp-block-rss__item-author\">par Olivier Dequincey<\/span><\/li><li class='wp-block-rss__item'><div class='wp-block-rss__item-title'><a href='https:\/\/planet-terre.ens-lyon.fr\/ressource\/Img880-2026-03-16.xml'>Les a\u00e9tites, de myst\u00e9rieuses concr\u00e9tions ferrugineuses du Velay (Haute-Loire et Ard\u00e8che)\u2026 et d&#039;ailleurs<\/a><\/div><time datetime=\"2026-03-16T02:00:00+01:00\" class=\"wp-block-rss__item-publish-date\">16 mars 2026<\/time> <span class=\"wp-block-rss__item-author\">par Pierre Thomas<\/span><\/li><li class='wp-block-rss__item'><div class='wp-block-rss__item-title'><a href='https:\/\/planet-terre.ens-lyon.fr\/ressource\/Img879-2026-03-09.xml'>Le volcan de Bournac (Saint-Front, Haute-Loire) : ses charnockites, ses enclaves de croute inf\u00e9rieure, ses kaersutites\u2026<\/a><\/div><time datetime=\"2026-03-09T02:00:00+01:00\" class=\"wp-block-rss__item-publish-date\">9 mars 2026<\/time> <span class=\"wp-block-rss__item-author\">par Pierre Thomas<\/span><\/li><\/ul><\/div>\n\n\n\n<div class=\"wp-block-group is-layout-constrained wp-block-group-is-layout-constrained\">\n<h3 class=\"wp-block-heading has-text-align-center\">Site Planet Vie<\/h3>\n<\/div>\n\n\n<ul class=\"is-grid columns-3 has-dates has-authors wp-block-rss\"><li class='wp-block-rss__item'><div class='wp-block-rss__item-title'><a href='https:\/\/planet-vie.ens.fr\/thematiques\/animaux\/systeme-nerveux-et-systeme-hormonal\/des-molecules-provoquant-la-formation-de'>Des mol\u00e9cules provoquant la formation de cellules \u03b2 dans le pancr\u00e9as<\/a><\/div><time datetime=\"2026-04-13T12:59:14+02:00\" class=\"wp-block-rss__item-publish-date\">13 avril 2026<\/time> <span class=\"wp-block-rss__item-author\">par Marie Gontier Ramette<\/span><\/li><li class='wp-block-rss__item'><div class='wp-block-rss__item-title'><a href='https:\/\/planet-vie.ens.fr\/thematiques\/ecologie\/relations-interspecifiques\/des-poissons-clowns-qui-se-font-passer-pour-des'>Des poissons-clowns qui se font passer pour des an\u00e9mones<\/a><\/div><time datetime=\"2026-04-01T12:16:46+02:00\" class=\"wp-block-rss__item-publish-date\">1 avril 2026<\/time> <span class=\"wp-block-rss__item-author\">par Pascal Combemorel<\/span><\/li><li class='wp-block-rss__item'><div class='wp-block-rss__item-title'><a href='https:\/\/planet-vie.ens.fr\/thematiques\/ecologie\/la-desertification-des-ecosystemes-arides'>La d\u00e9sertification des \u00e9cosyst\u00e8mes arides<\/a><\/div><time datetime=\"2026-03-26T18:08:24+01:00\" class=\"wp-block-rss__item-publish-date\">26 mars 2026<\/time> <span class=\"wp-block-rss__item-author\">par Beno\u00eet Pichon, Sonia K\u00e9fi<\/span><\/li><li class='wp-block-rss__item'><div class='wp-block-rss__item-title'><a href='https:\/\/planet-vie.ens.fr\/thematiques\/sante\/pathologies\/la-molecule-du-mois-le-lenacapavir'>La mol\u00e9cule du mois\u00a0: le l\u00e9nacapavir<\/a><\/div><time datetime=\"2026-03-23T12:25:00+01:00\" class=\"wp-block-rss__item-publish-date\">23 mars 2026<\/time> <span class=\"wp-block-rss__item-author\">par Janet Iwasa<\/span><\/li><li class='wp-block-rss__item'><div class='wp-block-rss__item-title'><a href='https:\/\/planet-vie.ens.fr\/thematiques\/ecologie\/la-decomposition-de-la-matiere-organique-et-sa-place-dans-les-sols'>La d\u00e9composition de la mati\u00e8re organique et sa place dans les sols<\/a><\/div><time datetime=\"2026-03-17T09:38:27+01:00\" class=\"wp-block-rss__item-publish-date\">17 mars 2026<\/time> <span class=\"wp-block-rss__item-author\">par Th\u00e9o Marchand, Meryem El jaouhari<\/span><\/li><li class='wp-block-rss__item'><div class='wp-block-rss__item-title'><a href='https:\/\/planet-vie.ens.fr\/thematiques\/vegetaux\/phytopathologie\/l-image-du-mois-localisation-d-une-proteine-impliquee-dans-l'>L\u2019image du mois\u00a0: localisation d\u2019une prot\u00e9ine impliqu\u00e9e dans l\u2019immunit\u00e9 chez Arabidopsis thaliana suite \u00e0 un stress biotique<\/a><\/div><time datetime=\"2026-03-13T11:32:53+01:00\" class=\"wp-block-rss__item-publish-date\">13 mars 2026<\/time> <span class=\"wp-block-rss__item-author\">par Magali Charvin<\/span><\/li><\/ul>\n\n\n<div class=\"wp-block-group is-layout-constrained wp-block-group-is-layout-constrained\">\n<h3 class=\"wp-block-heading has-text-align-center\">EduBase<\/h3>\n<\/div>\n\n\n<ul class=\"is-grid columns-3 has-dates has-authors wp-block-rss\"><li class='wp-block-rss__item'><div class='wp-block-rss__item-title'><a href='http:\/\/edubase.eduscol.education.fr\/fiche\/24146'>Victoire ! \u00c0 chacun son monument&#8230;<\/a><\/div><time datetime=\"2026-04-03T00:00:00+02:00\" class=\"wp-block-rss__item-publish-date\">3 avril 2026<\/time> <\/li><li class='wp-block-rss__item'><div class='wp-block-rss__item-title'><a href='http:\/\/edubase.eduscol.education.fr\/fiche\/23211'>IA Surr\u00e9alisme Inqui\u00e9tante \u00e9tranget\u00e9<\/a><\/div><time datetime=\"2026-03-20T01:00:00+01:00\" class=\"wp-block-rss__item-publish-date\">20 mars 2026<\/time> <\/li><li class='wp-block-rss__item'><div class='wp-block-rss__item-title'><a href='http:\/\/edubase.eduscol.education.fr\/fiche\/22300'>Paysage imaginaire<\/a><\/div><time datetime=\"2026-03-20T01:00:00+01:00\" class=\"wp-block-rss__item-publish-date\">20 mars 2026<\/time> <\/li><li class='wp-block-rss__item'><div class='wp-block-rss__item-title'><a href='http:\/\/edubase.eduscol.education.fr\/fiche\/16306'>\u00c0 la recherche des traces de la civilisation grecque ancienne dans la langue et la soci\u00e9t\u00e9 grecque et fran\u00e7aise d\u2019aujourd\u2019hui<\/a><\/div><time datetime=\"2026-03-20T01:00:00+01:00\" class=\"wp-block-rss__item-publish-date\">20 mars 2026<\/time> <\/li><li class='wp-block-rss__item'><div class='wp-block-rss__item-title'><a href='http:\/\/edubase.eduscol.education.fr\/fiche\/24145'>Une villa de r\u00eave !<\/a><\/div><time datetime=\"2026-03-20T01:00:00+01:00\" class=\"wp-block-rss__item-publish-date\">20 mars 2026<\/time> <\/li><li class='wp-block-rss__item'><div class='wp-block-rss__item-title'><a href='http:\/\/edubase.eduscol.education.fr\/fiche\/23946'>Claude et Georges Pompidou : des collectionneurs d&#039;art visonnaires \u00e0 l&#039;Elys\u00e9e<\/a><\/div><time datetime=\"2026-03-17T01:00:00+01:00\" class=\"wp-block-rss__item-publish-date\">17 mars 2026<\/time> <\/li><\/ul>","protected":false},"excerpt":{"rendered":"<p>Le site de la r\u00e9gionale de Limoges vous souhaite la bienvenue. Les derniers articles Quelques Fils RSS Site Planet Terre<\/p>\n","protected":false},"author":1,"featured_media":0,"parent":0,"menu_order":0,"comment_status":"closed","ping_status":"closed","template":"","meta":{"colormag_page_container_layout":"default_layout","colormag_page_sidebar_layout":"default_layout","footnotes":""},"class_list":["post-422","page","type-page","status-publish","hentry"],"_links":{"self":[{"href":"https:\/\/limoges.apbg.fr\/index.php?rest_route=\/wp\/v2\/pages\/422","targetHints":{"allow":["GET"]}}],"collection":[{"href":"https:\/\/limoges.apbg.fr\/index.php?rest_route=\/wp\/v2\/pages"}],"about":[{"href":"https:\/\/limoges.apbg.fr\/index.php?rest_route=\/wp\/v2\/types\/page"}],"author":[{"embeddable":true,"href":"https:\/\/limoges.apbg.fr\/index.php?rest_route=\/wp\/v2\/users\/1"}],"replies":[{"embeddable":true,"href":"https:\/\/limoges.apbg.fr\/index.php?rest_route=%2Fwp%2Fv2%2Fcomments&post=422"}],"version-history":[{"count":13,"href":"https:\/\/limoges.apbg.fr\/index.php?rest_route=\/wp\/v2\/pages\/422\/revisions"}],"predecessor-version":[{"id":1932,"href":"https:\/\/limoges.apbg.fr\/index.php?rest_route=\/wp\/v2\/pages\/422\/revisions\/1932"}],"wp:attachment":[{"href":"https:\/\/limoges.apbg.fr\/index.php?rest_route=%2Fwp%2Fv2%2Fmedia&parent=422"}],"curies":[{"name":"wp","href":"https:\/\/api.w.org\/{rel}","templated":true}]}}